110001?
10111111101010
In base 15, what is -3 + -1250ea34?
-1250ea37
In base 6, what is 23104453 - -3400?
23112253
In base 10, what is -76973166 + -4?
-76973170
In base 4, what is -11 - 3113220131?
-3113220202
In base 5, what is -3442243 - 1001?
-3443244
In base 4, what is 30011100011 - -21100?
30011121111
In base 7, what is -6610 - 22466?
-32406
In base 9, what is -26 - 4845115?
-4845142
In base 5, what is 13443344 + 1132?
14000031
In base 6, what is 311455235 + 11?
311455250
In base 12, what is 1b5b9b6 + -3?
1b5b9b3
In base 10, what is -20839843 - -3?
-20839840
In base 2, what is -100 - -101011000111101101010?
101011000111101100110
In base 2, what is 100100000011 + -1000101100010111?
-1000001000010100
In base 4, what is -203330233 + 321?
-203323312
In base 8, what is 137611132 + 13?
137611145
In base 3, what is 20 - 102202120210102?
-102202120210012
In base 7, what is 1201 - 216404?
-215203
In base 9, what is 22405 + 7?
22413
In base 13, what is 1a90a89 + -1?
1a90a88
In base 14, what is d637ba - 1?
d637b9
In base 10, what is -11561730 + 48?
-11561682
In base 7, what is 5 - -104635446?
104635454
In base 5, what is -10334 + -3002243?
-3013132
In base 2, what is -111101 - 1111000000010100101000?
-1111000000010101100101
In base 8, what is 66207 + -246?
65741
In base 11, what is -17544 - 341?
-17885
In base 14, what is 53 - -25345?
25398
In base 6, what is -5 - 23530042515?
-23530042524
In base 4, what is 30102113333 + 100?
30102120033
In base 7, what is -24 - 3663302?
-3663326
In base 13, what is -327 + -614?
-93b
In base 10, what is 459 - 6120?
-5661
In base 12, what is a0b + 6121b?
6202a
In base 10, what is 30617705 - 1?
30617704
In base 10, what is 406 + 952614?
953020
In base 7, what is -4 - -30565061?
30565054
In base 13, what is 6c0a - 59c3?
1217
In base 11, what is -137 - -38558?
38421
In base 15, what is 48422e8d + -2?
48422e8b
In base 13, what is 8a4 + -2864?
-1c90
In base 12, what is -aa6313 + 9?
-aa6306
In base 11, what is -57 + 33357?
33300
In base 3, what is 1001001111122 + -1202?
1001001102220
In base 14, what is -12d2 - ab?
-139d
In base 11, what is -2 + 11625453?
11625451
In base 6, what is -44 - 210141521?
-210142005
In base 16, what is ee14 + da4?
fbb8
In base 2, what is -111 + 1011100010110000111?
1011100010110000000
In base 4, what is 12033203013 - 200?
12033202213
In base 15, what is 220 - -91366?
91586
In base 12, what is 244982 + 43b?
245201
In base 6, what is 104022 + -3455?
100123
In base 4, what is -222230 - -200332130?
200103300
In base 11, what is a736 - -97?
a822
In base 10, what is -10258077 - 5?
-10258082
In base 13, what is -1 - 1c6223?
-1c6224
In base 12, what is -47b + 6916?
6457
In base 15, what is -551 - -9d7?
486
In base 7, what is -363403 - 2451?
-366154
In base 2, what is 1 + 1100100000001011101111?
1100100000001011110000
In base 6, what is 104212 - 220033?
-111421
In base 11, what is -3665073 + 40?
-3665033
In base 5, what is 11 - 4431310440?
-4431310424
In base 15, what is -3dc5da - 0?
-3dc5da
In base 5, what is 114112234310 + 1?
114112234311
In base 10, what is -209920 - 90?
-210010
In base 10, what is 1868543 - 3?
1868540
In base 3, what is 22 + 22010201021100?
22010201021122
In base 3, what is -211011010202002 + -10?
-211011010202012
In base 10, what is 321816 - 36?
321780
In base 16, what is 5 - -1242428?
124242d
In base 3, what is -11 + -202012022020?
-202012022101
In base 11, what is -724731713 + 0?
-724731713
In base 5, what is 244 + -133220214?
-133214420
In base 2, what is 10000001110111110000011100 + 10011?
10000001110111110000101111
In base 8, what is 36 - 632372?
-632334
In base 13, what is 3234b + -36?
32315
In base 6, what is 4 - -3441202512?
3441202520
In base 7, what is -31 - -32003321?
32003260
In base 6, what is -15034 + -1324130?
-1343204
In base 7, what is -14452 - -461?
-13661
In base 8, what is 15365 - -70056?
105443
In base 11, what is -779 - 3147?
-3915
In base 14, what is -6 - -4d0922?
4d091a
In base 2, what is 11101 + -1000000110111000001010?
-1000000110110111101101
In base 3, what is 112022111 - -21111212?
210211100
In base 6, what is -24454 - 1251543?
-1320441
In base 3, what is 11212 - -1100221002?
1101002221
In base 2, what is -1011001101100010101001011011 - 100?
-1011001101100010101001011111
In base 5, what is 130 + 34242403?
34243033
In base 14, what is 1 + -1458287?
-1458286
In base 7, what is 10132 + -11613?
-1451
In base 2, what is 0 - -11010001010001000001110?
11010001010001000001110
In base 10, what is 76256 - 422?
75834
In base 13, what is -279 - 11891a?
-118b96
In base 7, what is 2 - -1364334?
1364336
In base 2, what is 1101100101111110010000 - -10?
1101100101111110010010
In base 12, what is -4061 + -24865?
-28906
In base 3, what is -1021 + 110101121122?
110101120101
In base 8, what is -2315553 - 7?
-2315562
In base 3, what is -1 + -12000201110110011?
-12000201110110012
In base 14, what is -45bb + 516?
-40a5
In base 2, what is -1001101001101011 + -1110?
-1001101001111001
In base 5, what is -1201 + 221230332?
221224131
In base 15, what is -5cd5 + a68?
-526c
In base 9, what is -52 + 5027106?
5027044
In base 13, what is -5 - -c14b537?
c14b532
In base 3, what is 2000000212021 - -101?
2000000212122
In base 12, what is -b3 - -a710?
a619
In base 4, what is 20332312201 + 231?
20332313032
In base 5, what is 213404 - -200340?
414244
In base 5, what is 22441 - 22431210?
-22403214
In base 2, what is 111001000011010 + 1000011?
111001001011101
In base 4, what is 22 - 11131212300?
-11131212212
In base 11, what is -15 + -1113035?
-111304a
In base 12, what is 769 - 80a0?
-7533
In base 10, what is -3 - -35564313?
35564310
In base 11, what is 9 + -548768?
-54875a
In base 8, what is 227653 - 561?
227072
In base 9, what is -1 - -82721161?
82721160
In base 7, what is 5545 + -5531421?
-5522543
In base 11, what is -384816 + -37?
-384852
In base 8, what is -3 + -27422237?
-27422242
In base 8, what is 36633 + 17457?
56312
In base 4, what is 130 + 2220332?
2221122
In base 7, what is -134014226 + -6?
-134014235
In base 6, what is -230 + 4302444?
4302214
In base 7, what is -1546231 - -10456?
-1535442
In base 14, what is 4 + -2a27aa0?
-2a27a9a
In base 16, what is -106 + -9f9?
-aff
In base 7, what is 0 + -10442652?
-10442652
In base 11, what is -4 + -1992750?
-1992754
In base 11, what is a5189 + 17a?
a5358
In base 10, what is 19 - -913604?
913623
In base 15, what is 13278 + -43?
13235
In base 8, what is -2 + 44233732?
44233730
In base 2, what is -1 + -101110111010011001100001?
-101110111010011001100010
In base 13, what is -6 - -1971aa2?
1971a99
In base 15, what is -15b1 - 24013?
-255c4
In base 8, what is -13422726 + 155?
-13422551
In base 4, what is 1220133212 + -203?
1220133003
In base 16, what is c9c1 - -481?
ce42
In base 3, what is 102101022011212221 + 1?
102101022011212222
In base 16, what is -1c5a - 1749?
-33a3
In base 10, what is -213 - 856162?
-856375
In base 16, what is 27e5e + 9d?
27efb
In base 3, what is 0 + 11122020011202?
11122020011202
In base 3, what is 11200 + -110100011220?
-110100000020
In base 12, what is 3301 - -51684?
54985
In base 16, what is 1 - 64ccb?
-64cca
In base 10, what is 10 - 60165?
-60155
In base 2, what is 1001101 - -11011001011100100010?
11011001011101101111
In base 15, what is a + 2c06502?
2c0650c
In base 5, what is -30022002 - -44?
-30021403
In base 4, what is -1011301120212 - 10?
-1011301120222
In base 12, what is 130570 + -84?
1304a8
In base 5, what is -313100104 - 1?
-313100110
In base 16, what is 2f3131e1 + -4?
2f3131dd
In base 7, what is -1 - -44151020?
44151016
In base 9, what is 266680434 - -1?
266680435
In base 14, what is -247 + 99c2?
9779
In base 11, what is 143aa2a88 - -4?
143aa2a91
In base 4, what is -122222320331 + 130?
-122222320201
In base 5, what is -22 - 102040403?
-102040430
In base 5, what is -22113 - -1311020?
1233402
In base 11, what is -8031686 - -1?
-8031685
In base 10, what is 2299508 + 12?
2299520
In base 9, what is 53706 - 14586?
38110
In base 12, what is 575271 - 18?
575255
In base 4, what is -13230120230 - 0?
-13230120230
In base 15, what is 89 + 31cd4?
31d6d
In base 12, what is 0 - -2328a58?
2328a58
In base 5, what is -1 - 20020333243?
-20020333244
In base 9, what is 467 - -3872?
4450
In base 7, what is -1 - -3322240433?
33222404